at is o(n)?
-11
Let p(i) = -i**3 + 5*i**2 - 4*i. Let q be p(4). Let l(b) = -3*b - 6*b**3 + q*b + 4*b. Determine l(1).
-5
Let b(d) = -d - 3. Let h be ((-14)/6 + 1)/((-8)/24). What is b(h)?
-7
Let o(t) = -3 + 2 + 69*t - 68*t. What is o(4)?
3
Let i(f) be the first derivative of f**7/840 - f**6/60 + f**5/20 + f**4/4 - 3*f**3 + 1. Let s(t) be the third derivative of i(t). Give s(5).
11
Suppose t - 10 = -4*t - 4*b, 5*t + 2*b = 20. Let y be (-4)/t + (-17)/(-3). Suppose y*w - 8 - 2 = 0. Let v(d) = d**3 - d**2 + 2*d. What is v(w)?
8
Let m be ((-2)/(-4))/(3/30). Let j(s) = -4*s - s**2 - 3*s**2 + m*s**2. Suppose 2*q + 2*u = 18, 4*q = -5*u + 62 - 22. Give j(q).
5
Let f(g) = -2*g + 9. Suppose y - 2*k = -3 + 1, k - 13 = -y. Give f(y).
-7
Let q(f) = -f. Let r(k) = -k**2 + 8*k + 1. Let a(s) = 2*q(s) - r(s). Let b(i) = 2*i**2 - 21*i - 3. Let y(p) = 9*a(p) - 4*b(p). What is y(6)?
3
Let k(f) = 6 - 2*f - 3 - 4. Let r be k(-2). Let x(c) = -54*c**2 + 54*c**2 - 8*c**r. Give x(1).
-8
Let i(h) = -16*h + 5. Let q be (-130)/18 + 2/9. Let x(n) = 11*n - 3. Let z(k) = q*x(k) - 5*i(k). What is z(3)?
5
Let g(b) = 8*b**2 - 4*b + 7. Let o(v) = v**2 - v + 1. Let l(s) = -g(s) + 6*o(s). Let c be l(-1). Let t(z) = -2*z**2 + 4*z**3 + 4*z - 3*z - 2*z. Give t(c).
-5
Let a be 21 - (-1 + 0/(-2)). Suppose 4*p = 3*p + 4*i, -5*i - a = -4*p. Let s(c) = 7*c - 3*c**2 - p*c + c**2. What is s(-1)?
-1
Let u(w) be the third derivative of -w**6/360 + w**5/40 + w**4/8 - w**3/6 - 2*w**2. Let j(f) be the first derivative of u(f). Give j(-2).
-7
Let m(w) = w**3 - 2*w**2 + 2. Let s be m(0). Let k(z) = z**3 + z**2 - 2*z + 3. Give k(s).
11
Let a(k) = 2*k - 6. Let b = 29 + -23. What is a(b)?
6
Let a(d) = 2*d - 11. Suppose -17 + 2 = -q - 2*l, 0 = -3*l + 9. Calculate a(q).
7
Suppose -23*g + 89 = -3. Let t(l) = 3*l**3 + 8*l**2 + 3*l - 5. Let n(b) = 8*b**3 + 23*b**2 + 9*b - 15. Let o(w) = -4*n(w) + 11*t(w). Determine o(g).
-7
Let z = 23 + -29. Let y(q) = -q**3 - 5*q**2 + 7*q + 7. Determine y(z).
1
Let h(r) be the third derivative of -r**5/60 - r**4/4 + r**3/6 + 9*r**2. Give h(-5).
6
Let k(m) be the third derivative of -m**4/24 + 2*m**3/3 - 9*m**2. Give k(6).
-2
Suppose 17*k - 15 = 12*k. Let w(z) = -2*z**2 - 3*z**3 + 2*z**3 + 5*z**2. Determine w(k).
0
Let p(j) = -j**2 - 4*j + 10. Let d(t) = -2*t**2 - 8*t + 19. Let m(i) = 6*d(i) - 11*p(i). Calculate m(3).
-17
Let l(n) = -n - 4. Let q be l(-7). Let y(w) = 4*w + 4*w - 6*w - q*w. Give y(-3).
3
Let y(s) be the second derivative of 0 - 1/3*s**3 - s - s**2. Let l = -7 + 4. Give y(l).
4
Let w(m) = -m**2 - 1. Let c(v) be the second derivative of -v**3/6 + 3*v**2/2 - 4*v. Let f be c(5). Calculate w(f).
-5
Let n(q) = -4 + 3 - 1 - 3*q. Suppose 4*x - 4 + 2 = -3*a, 5*a + x + 8 = 0. Determine n(a).
4
Let f(n) = -n**3 + 5*n**2 - 4*n + 2. Let s be f(4). Let d(w) = -4*w + s + 2*w + 6*w**2 - 15*w**2 - 1. Give d(1).
-10
Suppose 0 = -4*n - 145 - 31. Let m be n/(-10) - 8/20. Let u = -10 + m. Let j(p) = -p**3 - 5*p**2 + 7*p - 2. Determine j(u).
-8
Let k(d) = -d**3 - 13*d**2 + 30*d + 3. Let f be k(-15). Let i(c) = 2*c + 2. Determine i(f).
8
Let o = -7 - -19. Suppose 4*a - o = 2*a. Let z(n) = -n + 5. What is z(a)?
-1
Let o(h) = h**2 + 6*h + 3. Suppose 0*t + 2*t = -88. Let g be 6/(-8) - (-231)/t. Give o(g).
3
Let f = -43 + 39. Let h(n) = -n**3 - 4*n**2 - 3*n - 6. Give h(f).
6
Let k(m) = -19*m**2 + 2*m + 1. Let r(o) = 2*o**2 - 24*o - 1. Let t be r(12). Calculate k(t).
-20
Let q(z) be the third derivative of -z**5/30 + z**4/6 + 2*z**3/3 - z**2. Let s = 133 + -129. Determine q(s).
-12
Let l = -4 - -4. Suppose l = -2*r - 3 + 11. Let w(p) = p**3 - 2*p**2 - 5*p - 3. Calculate w(r).
9
Let t be (375/10)/(-5) - 2/4. Let o(z) = -z**2 - 6*z + 8. Calculate o(t).
-8
Let c(x) = -2*x**2 - 4*x + 4. Let v = -20 + 34. Suppose -5*h + h - 3*o = 7, -5*h - 2*o = v. Calculate c(h).
-12
Suppose -3*r + 8 + 4 = 0. Suppose r*w + 2*k = -0*k, w = -5*k - 18. Let h(t) = -2*t**3 + t**2. Determine h(w).
-12
Suppose -4*m = -1 - 7. Let z = m + 0. Let q(i) be the second derivative of -i**3/6 + 3*i**2/2 + i. Give q(z).
1
Let m(g) be the second derivative of -1/3*g**3 + 0 + 1/12*g**4 + 10*g + 0*g**2. Give m(4).
8
Let c(y) = -2*y**2 - 2 - 3*y + y**3 + 2*y - 2*y. Let t = -14 - -10. Let v be 0 + 5 - (6 + t). What is c(v)?
-2
Suppose 4 = -7*b + 6*b. Let g(w) = -w**3 - 3*w**2 + 3*w - 5. What is g(b)?
-1
Let m(h) = -h + 1. Let j(n) = n - 2. Let c(d) = -3*j(d) - 4*m(d). Suppose -g = -0*q + 3*q - 2, -5*g - q = 46. Let y = -5 - g. Determine c(y).
7
Suppose y - 11 - 1 = 0. Let o = -18 + y. Let k(r) = -r - 2. What is k(o)?
4
Let g(b) = -b. Let h = 8 + 0. Let y(f) = 5*f**2 + 9*f - 10. Let l(m) = -4*m**2 - 9*m + 9. Let o(z) = -6*l(z) - 5*y(z). Let r be o(h). Calculate g(r).
-4
Let j(q) = -q**2 + 0*q**2 - 2*q + 3 - 2*q. Suppose 33 = -4*f + 13. Determine j(f).
-2
Suppose 0 = -2*m + 3*m. Let p(c) = c**2 + 4*c + m*c**2 + 1 - 2*c. Determine p(-2).
1
Let v(a) be the first derivative of a**4/4 - 5*a**3/3 + 2*a**2 - 6*a - 8. Determine v(4).
-6
Let m(q) = -3*q + 5 + 1 + q - 16*q**2 + 15*q**2. What is m(-6)?
-18
Let p(x) = -x**3 - 5*x**2 - 1. Let m be p(-5). Let y be (-2 + 2 - m) + 3. Let a(g) = -4*g**2 - 5*g + 6*g - 6 + 2 + g**3. Calculate a(y).
0
Suppose 0*u = -u. Suppose 4*c = 3*c. Let h(o) = c + u*o + 7 + o - 3. What is h(-4)?
0
Let h(r) be the first derivative of -r**4/12 + r**2/2 + r - 8. Let j(x) be the first derivative of h(x). What is j(1)?
0
Suppose 5*b - 9 = -4*h + 4, -3*b + 1 = -h. Let y = 4 - b. Let w(v) = y*v + 6*v**2 + 2*v**3 - v - 3*v**2 + 1. What is w(-2)?
-7
Let t(f) = f**2 - 2*f + 3. Let v(a) = -a**2 - 3 - 6 + 0 + a + 5. Let k(n) = 3*t(n) + 2*v(n). Determine k(2).
-3
Suppose -14*s + 60 = -11*s. Let i be (-15)/s + (-2)/8. Let j(n) = 9*n**3 - n**2 - n - 1. Give j(i).
-10
Let q(o) be the first derivative of 7*o**3/3 - o**2 + o - 6. Suppose 7*p + 4 = 3*p. Let m be p + 4/(2 + 0). What is q(m)?
6
Let x = -2 - -1. Let z = -2 + 4. Let g(v) = 2*v - z*v + 3*v. What is g(x)?
-3
Let c(o) = o**3 + o**2 - 8*o - 3. Let u(h) = h. Let w(i) = -c(i) - 4*u(i). Let a be 36/27*(-6)/4. What is w(a)?
-1
Suppose -4 = -3*z - z. Let k(s) be the second derivative of 5/12*s**4 + 0*s**2 + 0 - 1/6*s**3 - 2*s. Determine k(z).
4
Let n = 27 + -26. Let p(r) = -11*r**2 + 7*r + 4. Let m(u) = -11*u**2 + 6*u + 3. Let l(t) = 5*m(t) - 4*p(t). Give l(n).
-10
Let v(p) = p**2 - 9*p + 8. Let q be v(9). Suppose -2*z = 2*z - q. Let g(h) = 2*h + 3*h - 6*h + z. Calculate g(5).
-3
Let p(c) = -c + 15. Let d be p(7). Let b(m) = 7*m - d*m + 3 - 4 - 3. What is b(-4)?
0
Let v(t) = 2*t. Let c be v(1). Let s(r) = 3*r**2 + r**3 - 2*r**2 + 4*r**c - 2*r - 6. What is s(-5)?
4
Let p(n) = -1 + n + 0 + 5. Suppose -2 = 5*x - 12. Suppose 5*w - 29 = -2*c, -x*w + c + 4 + 4 = 0. What is p(w)?
9
Let y(h) be the third derivative of -1/12*h**4 - 1/10*h**5 + 0*h - 1/120*h**6 + 0 - h**2 + 7/6*h**3. Let r be 5*(-1)/(-2)*-2. Give y(r).
-8
Suppose 0*k + 4*k - 24 = 0. Let d(w) = w - 5. Determine d(k).
1
Let l(g) = -3 - 3*g**2 - 3*g**2 + 0*g**2 + 7*g**2 + 7*g. Determine l(-4).
-15
Let i = -2 + 0. Let o = 6 + i. Let k(r) = 5*r - 2*r**2 + 4*r**2 + r**2 - r**3. Calculate k(o).
4
Let o be (-8)/20 - (-148)/20. Let k(u) = -6*u**3 + 4*u**3 + u**3 - o*u**2 + 3. What is k(-7)?
3
Suppose 0 = l - 1, 3*j + 4*l = 8*l + 14. Let a(c) be the first derivative of c**3/3 - 5*c**2/2 - 8*c + 4. Give a(j).
-2
Suppose -11*v + 4 = -9*v. Let l(z) = 5*z - 2. Calculate l(v).
8
Let k(a) = a**2 + 3*a + 4. Let m(g) = 2*g - 1. Let n be 4/10 + (-8)/(-5). Let l be (1 - 2)*(3 - n). Let v be m(l). Calculate k(v).
4
Let j = 2 + -7. Let k(b) = -b - b - 6 - b**2 - 3*b. Determine k(j).
-6
Let o = 810 - 805. Let k(d) = d**2 - 4*d - 9. Let r(b) = 4 - 7 + 4. Let l(j) = -k(j) - 5*r(j). Calculate l(o).
-1
Let i(l) = -l**2 - 10*l - 11. Let f be (0 - (0 - -3))/(1/3). Calculate i(f).
-2
Let w be (4 + -5)/(2/(-4)). Suppose 4*i + 4 = -3*g - 4, -4*g = w*i - 6. Let r(v) = v + 2. Give r(g).
6
Suppose 4*b - 8 - 12 = 0. Suppose -13 = -b*y - 3. Let j(w) = -w**2 + 2*w**2 + w**3 - 3*w**2. Calculate j(y).
0
Let j = -4 + 19. Suppose 2*g - 1 = -4*q - j, -3*q - 4 = -5*g. Let c(t) = -t**3 - 4*t**2 - t + 1. Determine c(q).
-5
Let u be 8/(-20) - 5/(25/(-12)). Let g(k) = k**2 - 4*k + 3. Give g(u).
-1
Let y(w) be the second derivative of w**4/12 + 7*w**3/6 + 5*w*